{"id":24,"date":"2015-04-21T21:36:07","date_gmt":"2015-04-21T20:36:07","guid":{"rendered":"https:\/\/www.cofamic.uqam.ca\/?page_id=24"},"modified":"2015-04-27T22:24:38","modified_gmt":"2015-04-27T21:24:38","slug":"liens","status":"publish","type":"page","link":"https:\/\/www.cofamic.uqam.ca\/?page_id=24","title":{"rendered":"[:en]Link[:fr]Liens[:]"},"content":{"rendered":"<p>[:en]<\/p>\n<h3>Institutions<\/h3>\n<ul>\n<li><a href=\"http:\/\/info.uqam.ca\/\">D\u00e9partement d&rsquo;Informatique de l&rsquo;UQAM<\/a><\/li>\n<li><a href=\"http:\/\/www.sciences.uqam.ca\/\">Facult\u00e9s des Sciences de l\u2019UQAM<\/a><\/li>\n<li><a href=\"http:\/\/lm2.uqam.ca\/\">Lab Micro2 <\/a>&#8211; Microelectromechanical Systems Design Laboratory<\/li>\n<li><a href=\"http:\/\/www.uqam.ca\/\">UQAM<\/a> &#8211; Universit\u00e9 du Qu\u00e9bec \u00e0 Montr\u00e9al<\/li>\n<\/ul>\n<h3>Partners<\/h3>\n<ul>\n<li><a href=\"http:\/\/www.cmc.ca\/WhatWeOffer\/Make\/MNTPortal.aspx\">CMC Microsystems<\/a> &#8211; Canadian Microelectronics Corporation<\/li>\n<li><a href=\"http:\/\/www.resmiq.org\/\">RESMIQ<\/a> &#8211; Regroupement Strat\u00e9gique en Microsyst\u00e8mes du Qu\u00e9bec<\/li>\n<\/ul>\n<h3><a href=\"http:\/\/www.nanoquebec.ca\/en\/inde.php\">NanoQuebec<\/a> \/ <a href=\"http:\/\/www.nanoquebec.ca\/en\/quebec-nanotechnology-infrastructure-qni.php\">QNI<\/a> Network<\/h3>\n<ul>\n<li><a href=\"http:\/\/www.cm2.polymtl.ca\/\">CM2<\/a> &#8211; Centre de Caract\u00e9risation Microscopique des Mat\u00e9riaux<\/li>\n<li><a href=\"http:\/\/www.crn2.ca\/\">CRN2<\/a> &#8211; Centre de Recherche en Nanofabrication et Nanocaract\u00e9risation<\/li>\n<li><a href=\"http:\/\/www.medicine.mcgill.ca\/femr\/home.html\">FEMR<\/a> &#8211; Facility for Electron Microscopy Research<\/li>\n<li><a href=\"http:\/\/www.gcmlab.ca\/\">GCM<\/a> &#8211; Installation centrale pour la fabrication et la caract\u00e9risation des mat\u00e9riaux et dispositifs de pointe<\/li>\n<li><a href=\"http:\/\/www.cofamic.uqam.ca\/links.php?lang=en#\">IMDQ<\/a> &#8211; Quantum Materials and Devices Infrastructure<\/li>\n<li><a href=\"http:\/\/lmn.emt.inrs.ca\/FR\/inf.htm\">INF<\/a> &#8211; Infrastructure de Nanostructures et de Femtoscience<\/li>\n<li><a href=\"http:\/\/www.gcmlab.ca\/pdf\/Chimie.pdf\">MMN<\/a> &#8211; Centre de caract\u00e9risation et synth\u00e8se mol\u00e9culaire<\/li>\n<li><a href=\"http:\/\/www.mcgill.ca\/microfab\/\">MNM<\/a> &#8211; McGill Nanotools Microfab<\/li>\n<li><a href=\"http:\/\/www.nanoqam.com\/\">NanoQAM<\/a> &#8211; Research Center on Nanomaterials and Energy<\/li>\n<\/ul>\n<h3>CoFaMic&rsquo;s logos<\/h3>\n<ul>\n<li><a href=\"http:\/\/www.cofamic.uqam.ca\/images\/logos\/cofamic%20color.eps\">Color logo<\/a>, format ESP (HD)<\/li>\n<li><a href=\"http:\/\/www.cofamic.uqam.ca\/images\/logos\/cofamic%20w&amp;b.eps\">White &amp; black logo<\/a>, format ESP (HD)<\/li>\n<\/ul>\n<h3>Tutorials<\/h3>\n<ul>\n<li><a href=\"http:\/\/info.tek.com\/rs\/tektronix\/images\/60W_6053_13_LR_Letter.pdf\">Tutorial on probes<\/a>,<\/li>\n<\/ul>\n<p>[:fr]<\/p>\n<h3>Institutions<\/h3>\n<ul>\n<li><a href=\"http:\/\/info.uqam.ca\/\">D\u00e9partement d&rsquo;Informatique de l&rsquo;UQAM<\/a><\/li>\n<li><a href=\"http:\/\/www.sciences.uqam.ca\/\">Facult\u00e9s des Sciences de l\u2019UQAM<\/a><\/li>\n<li><a href=\"http:\/\/lm2.uqam.ca\/\">Lab Micro2 <\/a>&#8211; Laboratoire de Conception de microsyst\u00e8mes \u00e9lectrom\u00e9caniques<\/li>\n<li><a href=\"http:\/\/www.uqam.ca\/\">UQAM<\/a> &#8211; Universit\u00e9 du Qu\u00e9bec \u00e0 Montr\u00e9al<\/li>\n<\/ul>\n<h3>Partenaires<\/h3>\n<ul>\n<li><a href=\"http:\/\/www.cmc.ca\/WhatWeOffer\/Make\/MNTPortal.aspx\">CMC Microsystems<\/a> &#8211; Canadian Microelectronics Corporation<\/li>\n<li><a href=\"http:\/\/www.resmiq.org\/\">RESMIQ<\/a> &#8211; Regroupement Strat\u00e9gique en Microsyst\u00e8mes du Qu\u00e9bec<\/li>\n<\/ul>\n<h3>R\u00e9seau <a href=\"http:\/\/www.nanoquebec.ca\/fr\/index.php\">NanoQu\u00e9bec<\/a> \/ <a href=\"http:\/\/www.nanoquebec.ca\/fr\/infrastructure-quebecoise-nanotechnologie-iqn.php\">IQN<\/a><\/h3>\n<ul>\n<li><a href=\"http:\/\/www.cm2.polymtl.ca\/\">CM2<\/a> &#8211; Centre de Caract\u00e9risation Microscopique des Mat\u00e9riaux<\/li>\n<li><a href=\"http:\/\/www.crn2.ca\/\">CRN2<\/a> &#8211; Centre de Recherche en Nanofabrication et Nanocaract\u00e9risation<\/li>\n<li><a href=\"http:\/\/www.medicine.mcgill.ca\/femr\/home.html\">FEMR<\/a> &#8211; Facility for Electron Microscopy Research<\/li>\n<li><a href=\"http:\/\/www.gcmlab.ca\/\">GCM<\/a> &#8211; Installation centrale pour la fabrication et la caract\u00e9risation des mat\u00e9riaux et dispositifs de pointe<\/li>\n<li><a href=\"http:\/\/www.cofamic.uqam.ca\/links.php?lang=fr#\">IMDQ<\/a> &#8211; Infrastructure des Mat\u00e9riaux et Dispositifs Quantiques<\/li>\n<li><a href=\"http:\/\/lmn.emt.inrs.ca\/FR\/inf.htm\">INF<\/a> &#8211; Infrastructure de Nanostructures et de Femtoscience<\/li>\n<li><a href=\"http:\/\/www.gcmlab.ca\/pdf\/Chimie.pdf\">MMN<\/a> &#8211; Centre de caract\u00e9risation et synth\u00e8se mol\u00e9culaire<\/li>\n<li><a href=\"http:\/\/www.mcgill.ca\/microfab\/\">MNM<\/a> &#8211; McGill Nanotools Microfab<\/li>\n<li><a href=\"http:\/\/www.nanoqam.com\/\">NanoQAM<\/a> &#8211; Centre de Recherche sur les Nanomateriaux et l&rsquo;\u00c9nergie<\/li>\n<\/ul>\n<h3>Logos CoFaMic<\/h3>\n<ul>\n<li><a href=\"http:\/\/www.cofamic.uqam.ca\/images\/logos\/cofamic%20color.eps\">Logo couleur<\/a>, format ESP (HD)<\/li>\n<li><a href=\"http:\/\/www.cofamic.uqam.ca\/images\/logos\/cofamic%20w&amp;b.eps\">Logo noir et blanc<\/a>, format ESP (HD)<\/li>\n<\/ul>\n<h3>Tutoriels<\/h3>\n<ul>\n<li><a href=\"http:\/\/info.tek.com\/rs\/tektronix\/images\/60W_6053_13_LR_Letter.pdf\">Tutoriel sur les probes<\/a>,<\/li>\n<\/ul>\n<p>[:]<\/p>\n","protected":false},"excerpt":{"rendered":"<p>[:en] Institutions D\u00e9partement d&rsquo;Informatique de l&rsquo;UQAM Facult\u00e9s des Sciences de l\u2019UQAM Lab Micro2 &#8211; Microelectromechanical Systems Design Laboratory UQAM &#8211; Universit\u00e9 du Qu\u00e9bec \u00e0 Montr\u00e9al Partners CMC Microsystems &#8211; Canadian Microelectronics Corporation RESMIQ &#8211; Regroupement Strat\u00e9gique en Microsyst\u00e8mes du Qu\u00e9bec&#8230;<br \/><a class=\"read-more-button\" href=\"https:\/\/www.cofamic.uqam.ca\/?page_id=24\">Savoir plus<\/a><\/p>\n","protected":false},"author":1,"featured_media":0,"parent":0,"menu_order":0,"comment_status":"open","ping_status":"open","template":"","meta":{"footnotes":""},"class_list":["post-24","page","type-page","status-publish","hentry"],"_links":{"self":[{"href":"https:\/\/www.cofamic.uqam.ca\/index.php?rest_route=\/wp\/v2\/pages\/24"}],"collection":[{"href":"https:\/\/www.cofamic.uqam.ca\/index.php?rest_route=\/wp\/v2\/pages"}],"about":[{"href":"https:\/\/www.cofamic.uqam.ca\/index.php?rest_route=\/wp\/v2\/types\/page"}],"author":[{"embeddable":true,"href":"https:\/\/www.cofamic.uqam.ca\/index.php?rest_route=\/wp\/v2\/users\/1"}],"replies":[{"embeddable":true,"href":"https:\/\/www.cofamic.uqam.ca\/index.php?rest_route=%2Fwp%2Fv2%2Fcomments&post=24"}],"version-history":[{"count":4,"href":"https:\/\/www.cofamic.uqam.ca\/index.php?rest_route=\/wp\/v2\/pages\/24\/revisions"}],"predecessor-version":[{"id":345,"href":"https:\/\/www.cofamic.uqam.ca\/index.php?rest_route=\/wp\/v2\/pages\/24\/revisions\/345"}],"wp:attachment":[{"href":"https:\/\/www.cofamic.uqam.ca\/index.php?rest_route=%2Fwp%2Fv2%2Fmedia&parent=24"}],"curies":[{"name":"wp","href":"https:\/\/api.w.org\/{rel}","templated":true}]}}